{"id":885,"date":"2025-03-12T14:32:50","date_gmt":"2025-03-12T13:32:50","guid":{"rendered":"https:\/\/dmarkd.com\/manos_cubanas\/?page_id=885"},"modified":"2025-03-15T01:12:20","modified_gmt":"2025-03-15T00:12:20","slug":"reunificacion-familiar","status":"publish","type":"page","link":"https:\/\/dmarkd.com\/manos_cubanas\/reunificacion-familiar\/","title":{"rendered":"Reunificaci\u00f3n Familiar"},"content":{"rendered":"\t\t<div data-elementor-type=\"wp-page\" data-elementor-id=\"885\" class=\"elementor elementor-885\">\n\t\t\t\t<div class=\"elementor-element elementor-element-e3a0fe3 e-flex e-con-boxed e-con e-parent\" data-id=\"e3a0fe3\" data-element_type=\"container\">\n\t\t\t\t\t<div class=\"e-con-inner\">\n\t\t\t\t<div class=\"elementor-element elementor-element-c645071 elementor-widget elementor-widget-heading\" data-id=\"c645071\" data-element_type=\"widget\" data-widget_type=\"heading.default\">\n\t\t\t\t<div class=\"elementor-widget-container\">\n\t\t\t\t\t<h2 class=\"elementor-heading-title elementor-size-default\">Reunificaci\u00f3n Familiar<\/h2>\t\t\t\t<\/div>\n\t\t\t\t<\/div>\n\t\t\t\t\t<\/div>\n\t\t\t\t<\/div>\n\t\t<div class=\"elementor-element elementor-element-3c8a7e7 e-flex e-con-boxed e-con e-parent\" data-id=\"3c8a7e7\" data-element_type=\"container\">\n\t\t\t\t\t<div class=\"e-con-inner\">\n\t\t\t\t<div class=\"elementor-element elementor-element-23961dd elementor-widget elementor-widget-text-editor\" data-id=\"23961dd\" data-element_type=\"widget\" data-widget_type=\"text-editor.default\">\n\t\t\t\t<div class=\"elementor-widget-container\">\n\t\t\t\t\t\t\t\t\t<p>1) Formulario de solicitud de visa de reunificaci\u00f3n familiar (uno por cada una de las personas a reunificar), el cual se adjunta al presente correo;<\/p><p>2) Copia de su c\u00e9dula de identidad uruguaya (de ambos lados y en una sola hoja);<\/p><p>3) Copia del pasaporte de la persona a reunificar (p\u00e1gina biogr\u00e1fica);<\/p><p>4) Copia del acta de estado civil que acredita el v\u00ednculo familiar, inscripta en el Registro Civil uruguayo, o en su defecto, Acta de nacimiento extranjera, legalizada POR EL MINISTERIO DE RELACIONES EXTERIORES de su pa\u00eds de origen o apostillada seg\u00fan corresponda;<\/p><p>5) Historia laboral del B.P.S. actualizada;<\/p><p>6) Recibos de sueldo de los \u00faltimos 3 meses. Deber\u00e1 percibir un ingreso mensual nominal igual o mayor al salario m\u00ednimo nacional ($U 22.268) en los \u00faltimos 3 meses al momento de presentada la solicitud;<\/p><p>7) Copia de constancia policial de domicilio expedida recientemente (o recibo de luz, agua, u otro servicio a su nombre);<\/p><p>8) Solamente en caso de ser trabajador independiente, remitir tambi\u00e9n Certificado Com\u00fan de B.P.S. y certificado contable\/notarial de ingresos por el cual el profesional certifique los ingresos del \u00faltimo trimestre.<\/p><p>IMPORTANTE: En caso de certificado notarial, el profesional debe dejar constancia de que certifica los ingresos en base a documentaci\u00f3n que ha tenido a la vista, no en base a lo que declara el interesado.<\/p><p>9) En caso de menores de edad: copia del documento de identidad del adulto responsable de gestionar el tr\u00e1mite en el Consulado. En el caso de que ambos padres se encuentren en Uruguay, debe informarlo.<\/p><p><em><strong>SE TENDR\u00c1N POR NO RECIBIDAS LAS SOLICITUDES CON DOCUMENTACI\u00d3N INCOMPLETA.<\/strong><\/em><\/p><p><em><strong>LA DOCUMENTACI\u00d3N ENVIADA EN PDF DEBER\u00c1 ESTAR DEBIDAMENTE IDENTIFICADA (EJ: CIU, PASAPORTE MADRE, CONSTANCIA DE DOMICILIO, ETC).<\/strong><\/em><\/p><p><span style=\"text-decoration: underline;\"><strong>OBSERVACIONES:<\/strong><\/span><\/p><p>A) La reunificaci\u00f3n familiar solo procede para: padre\/madre\/c\u00f3nyuge\/hijos menores de edad o mayores con discapacidad probada fehacientemente con informes m\u00e9dicos debidamente legalizados.<\/p><p>B) El solicitante deber\u00e1 ser residente legal o haber iniciado el tr\u00e1mite de residencia ante la Direcci\u00f3n Nacional de Migraci\u00f3n o el Ministerio de Relaciones Exteriores. Solicitante de refugio NO tiene permitido iniciar dicho tr\u00e1mite.<\/p><p>C) El tr\u00e1mite de reunificaci\u00f3n se realiza por \u00fanica vez para la persona reunificada.<\/p><p>Una vez enviada toda la documentaci\u00f3n, se proceder\u00e1 a su estudio y, si se cumplen los requisitos, se le notificar\u00e1 al interesado, as\u00ed como tambi\u00e9n se remitir\u00e1 la documentaci\u00f3n al Consulado uruguayo correspondiente.<\/p><p><em><strong>NO DEBE COMPRAR PASAJE HASTA TENER LA VISA AUTORIZADA.<\/strong><\/em><\/p><h4>Solicitud de reunificaci\u00f3n familiar<\/h4><p><span style=\"text-decoration: underline;\"><a href=\"https:\/\/mi.iduruguay.gub.uy\/login?process_state=stcHHHZl8e5tAifCeC93AjEZRIW0WACOF4wGD-uTvcE\">https:\/\/mi.iduruguay.gub.uy\/login?process_state=stcHHHZl8e5tAifCeC93AjEZRIW0WACOF4wGD-uTvcE<\/a><\/span><\/p><p>\u00a0<\/p>\t\t\t\t\t\t\t\t<\/div>\n\t\t\t\t<\/div>\n\t\t\t\t\t<\/div>\n\t\t\t\t<\/div>\n\t\t\t\t<\/div>\n\t\t","protected":false},"excerpt":{"rendered":"<p>Reunificaci\u00f3n Familiar 1) Formulario de solicitud de visa de reunificaci\u00f3n familiar (uno por cada una de las personas a reunificar), el cual [&hellip;]<\/p>\n","protected":false},"author":1,"featured_media":0,"parent":0,"menu_order":0,"comment_status":"closed","ping_status":"closed","template":"elementor_header_footer","meta":{"footnotes":""},"class_list":["post-885","page","type-page","status-publish","hentry"],"_links":{"self":[{"href":"https:\/\/dmarkd.com\/manos_cubanas\/wp-json\/wp\/v2\/pages\/885","targetHints":{"allow":["GET"]}}],"collection":[{"href":"https:\/\/dmarkd.com\/manos_cubanas\/wp-json\/wp\/v2\/pages"}],"about":[{"href":"https:\/\/dmarkd.com\/manos_cubanas\/wp-json\/wp\/v2\/types\/page"}],"author":[{"embeddable":true,"href":"https:\/\/dmarkd.com\/manos_cubanas\/wp-json\/wp\/v2\/users\/1"}],"replies":[{"embeddable":true,"href":"https:\/\/dmarkd.com\/manos_cubanas\/wp-json\/wp\/v2\/comments?post=885"}],"version-history":[{"count":10,"href":"https:\/\/dmarkd.com\/manos_cubanas\/wp-json\/wp\/v2\/pages\/885\/revisions"}],"predecessor-version":[{"id":1742,"href":"https:\/\/dmarkd.com\/manos_cubanas\/wp-json\/wp\/v2\/pages\/885\/revisions\/1742"}],"wp:attachment":[{"href":"https:\/\/dmarkd.com\/manos_cubanas\/wp-json\/wp\/v2\/media?parent=885"}],"curies":[{"name":"wp","href":"https:\/\/api.w.org\/{rel}","templated":true}]}}